et a be o(j). What are the prime factors of 12/a*(-112)/12?
2, 7
Suppose -4*a - 774 = -47*a. Suppose -a*j = -61*j + 71982. List the prime factors of j.
2, 3, 31
Let q be -2*1 - (-6 + 6). Let d(m) = -m**2 - 6*m - 7. Let s be d(q). List the prime factors of 87 + s/(-1) + 2.
2, 11
Suppose -51760 = -7*y + 39821. Suppose 7*b = 14*b - y. List the prime factors of b.
3, 7, 89
Let x be -194*(7 + (-10 - -1)). What are the prime factors of (x + -6)*1 - -7?
389
Let n(v) = 19*v**2 + 44*v - 1947. What are the prime factors of n(-63)?
2, 3, 43, 137
Suppose -4*t + 1086 + 128 = -5*v, 4*t + 3*v - 1230 = 0. Suppose 60 = -41*p + t. List the prime factors of p.
2, 3
Let c(r) = r**3 - 16*r**2 - 22*r - 36. Let q be c(17). Let j = q - -123. Suppose -2*s = -j*h + 218, 3*h - s - 433 = -h. List the prime factors of h.
2, 3
Let z(p) = p**3 - 12*p**2 - 11*p - 18. Let a be z(13). Suppose 5*l + 20 = 9*l. Suppose -a*s = -l*s - 9. List the prime factors of s.
3
What are the prime factors of (2/7 + (-6)/(-28))/(1684/156851128)?
7, 6653
Suppose -2*j = -5*i - 19386, 164*j - 48444 = 159*j + 2*i. What are the prime factors of j?
2, 7, 173
Suppose -3372 = -3*a - k, -2*a + 5*a + 5*k = 3372. Suppose -1148 = -4*s - 4*v, -s - a = -5*s + 2*v. List the prime factors of s.
283
Let q = -5650 - -12667. List the prime factors of q.
3, 2339
Let p(q) be the second derivative of -q**5/20 - 2*q**4/3 - q**3 - 18*q**2 - 41*q. What are the prime factors of p(-10)?
2, 7
Suppose -5*r - 65 = -5*b, -2*b = -0*r + 2*r - 38. Let s be b/8*(-170)/4. Let d = s + 241. What are the prime factors of d?
2, 3, 13
Let y(j) = j**2 + 6*j - 18. Suppose -2*f + 10 = 40. Let b be (1/(6/9))/(f/(-70)). List the prime factors of y(b).
73
Suppose 136592 = 522*u - 611*u + 1249715. List the prime factors of u.
3, 11, 379
Suppose -22*p - 1022392 = 13*p - 91*p. What are the prime factors of p?
18257
Let n = 33 - -5. Suppose -u - 5*h + 2 = -0*u, 5*h - n = -4*u. List the prime factors of u.
2, 3
List the prime factors of -3*(-13)/65 + 369771/15.
2, 6163
Let c be (4 - (-994)/35)/((-6)/(-20)). Let y = c - 120. List the prime factors of 0 + 2/y + (-3975)/(-90).
2, 11
Let l be (4/6)/((-14)/1533). Let x = l + 74. List the prime factors of 7 + -6 + 153/(0 + x).
2, 7, 11
Suppose 3*v + 15 = -3*a, -5*a + 15 = -8*a. Suppose v = -5*m + 4610 - 1470. List the prime factors of m.
2, 157
Suppose -4*j = 4*o + 86 - 19290, -24019 = -5*o + 2*j. List the prime factors of o.
3, 1601
Let m(k) = -5*k**3 + 71*k**2 + 38*k + 101. Let f(d) = -2*d**3 + 24*d**2 + 13*d + 34. Let s(u) = 8*f(u) - 3*m(u). What are the prime factors of s(-21)?
179
Suppose -9*l = 10*l - 41059. What are the prime factors of l?
2161
Suppose -12 = -3*z + 3. Suppose -z*t = 0, 2*u + 4*t = 2*t + 4. What are the prime factors of 3 + (-7756)/(-49) + u/(-7)?
7, 23
Suppose 0 = -25*f + 37*f - 2340. Let h = f - -395. List the prime factors of h.
2, 5, 59
Let g = -5642 + 55769. What are the prime factors of g?
3, 7, 11, 31
Suppose 113256 + 237368 = 5*n + 2*f, -2*n + 2*f = -140258. List the prime factors of n.
2, 7, 5009
Let n(d) = -5*d - 6. Let g be n(4). Let o = g + 26. Suppose 4*r + 5*k - 281 = o, -2*r - 4*k + 119 = -29. What are the prime factors of r?
2
What are the prime factors of (-1647546)/(-56) - 2/(-8) - (-4148)/14518?
3, 7, 467
Let g(q) = 5*q + q + 6 - 16*q - 3*q. Let w = -13 - -9. List the prime factors of g(w).
2, 29
Let j be ((-2*1)/(-4))/(11/1320). Let w = -56 + j. Suppose -w*c + 287 = 51. What are the prime factors of c?
59
Let c(y) = -y**3 + 45*y**2 - 240*y - 64. List the prime factors of c(31).
2, 5, 7, 17
Let f be (-3 + (4 - 0))/1*14. Suppose 0 = f*i - 1587 - 3705. What are the prime factors of i?
2, 3, 7
Let j(f) = f**2 - 14*f + 15. Let p be j(13). Let y be (22/44)/(p/28). Suppose 0*l - 287 = -y*l. What are the prime factors of l?
41
Let c be -1 - (-146 + 12/(-4)). Let b be c/(-2)*(-7)/14. Let y = b - 25. List the prime factors of y.
2, 3
Suppose 0 = -a + 16*k - 20*k + 27, -a + 11 = -4*k. Suppose -a*h = -5046 - 10021. What are the prime factors of h?
13, 61
Let g(f) = -f**2 + 4*f + 8. Let v be g(5). Suppose -8*q = -3*b - 5*q + 1395, -v*b + 5*q + 1405 = 0. What are the prime factors of b?
2, 5, 23
Suppose 2*x = -7*x + 5013. Let r = x - -246. What are the prime factors of r?
11, 73
Let j(c) = c**2 - 21*c + 37. Let q be j(34). What are the prime factors of 5 + (-1)/(-1)*q - 1?
3, 7, 23
Let s be (-3 - (-33 - 3)) + (2 - 4). Let i = 35 - s. Suppose -4*w - 15 = -4*m + 17, i*m + 2*w = 50. What are the prime factors of m?
11
Let v be 1/(3/(-4))*(-180)/120. Suppose -v*l + 7 = -311. List the prime factors of l.
3, 53
Suppose -5*z = -3*t - 34, -33*z + 13 = -28*z + 4*t. Suppose -3*g + 629 = -z*h + 7*h, 0 = 2*g - 5*h - 432. What are the prime factors of g?
211
Suppose 17*s = 37*s + 17838 - 43558. What are the prime factors of s?
2, 643
Let r = -25 - -31. Suppose 2*d - r = -2. Suppose 5*p - w - 290 = d*w, -5*w = 2*p - 147. What are the prime factors of p?
61
Suppose 3*y + v = 1391, 56*v - 1394 = -3*y + 58*v. Suppose 826 = -3*o + m, -6*o - 552 = -4*o - 2*m. Let t = y + o. List the prime factors of t.
3, 7
Suppose -2*o + 33758 = -5*c, 3*o - 6858 = -c + 43813. What are the prime factors of o?
16889
Suppose 0 = 3*c + 3*d - 193245, 70542 = 3*c - 5*d - 122679. List the prime factors of c.
2, 16103
Suppose -5*q - 3533 = -5*l - 7*q, 4*l + 2*q - 2828 = 0. Let f = l + -490. List the prime factors of f.
5, 43
Suppose -1 + 1 = 6*s. What are the prime factors of (680/(-6) + s)*(-90)/25?
2, 3, 17
Suppose 2*z - 3*n = -z + 6, 2*n + 8 = 4*z. Suppose 3*k - 3*m + 40 = z*m, 0 = -5*m + 25. List the prime factors of (-6)/(-2) - 730/k.
149
Let d = -13 - -12. Let v be 20/(-12)*d*9. Suppose 0 = v*i - 19*i + 404. List the prime factors of i.
101
Suppose 3*r + 0*c = 3*c - 3, 5*c = -r + 17. Suppose j - 588 = 5*d, r*j - 4*d - 268 = 932. List the prime factors of j.
2, 19
Let t(w) = -25*w**2 + 2*w - 2. Let j be t(2). List the prime factors of (-2937)/(-7) - 42/j.
2, 3, 5, 7
Let i be (-450)/21*24 + 6/21. Let z = i - -1052. List the prime factors of z.
2, 269
Let h(r) be the second derivative of -2*r**2 + 0 - 13/6*r**3 - 14*r. List the prime factors of h(-5).
61
What are the prime factors of (-8)/(-12)*(-18141)/(4 + -4 - 2)?
6047
Let u = 392 + -123. Suppose -5*d = -4*b - u, -b + 4*b + 109 = 2*d. Suppose 227 = 4*y - d. What are the prime factors of y?
2, 5, 7
List the prime factors of (-48)/(-288) + 87/18 - 30526*-1.
3, 10177
Let b = 21 - 10. Let m be (-1 + 2)*(b - -175). Suppose 2*l + m = 8*l. What are the prime factors of l?
31
Let b(q) = 1439*q**3 - 16*q + 16. What are the prime factors of b(1)?
1439
Let h = -132 - -229. Let m = h - -53. Let q = 372 - m. List the prime factors of q.
2, 3, 37
Let b(d) = 2*d**3 + 9*d**2 + 3*d + 4. Let v be b(-8). Let p = -327 - v. List the prime factors of p.
3, 47
Let g = 377 - 375. What are the prime factors of ((-1 - 93) + g)/(-4)?
23
Let s = 26 + -26. Suppose -4*l - 6 = 2*f, -f - 7 = -s*f - 2*l. What are the prime factors of 2 - (-5)/(f/(-22))?
2, 3
Suppose 68154 = 4*x + 2*n, -37 = n - 38. What are the prime factors of x?
2, 7, 1217
Let a(p) be the third derivative of 7/24*p**4 + 22*p**2 + 0*p + 0 - 2/3*p**3. What are the prime factors of a(25)?
3, 19
Suppose -11*k - 688 = -p, -3*p + 6*p + 3*k - 2172 = 0. What are the prime factors of p?
7, 103
Suppose -173*f + 176*f = -291. Let i = f - -124. List the prime factors of i.
3
Let h = -1035 - 589. Let z = h + 2682. List the prime factors of z.
2, 23
Suppose 4*s = 3*p - 0*p - 14176, -4*p - 5*s + 18891 = 0. Let t = -849 + p. List the prime factors of ((-8)/10)/(5/(t/(-10))).
2, 31
Let w(f) = f**3 + 4*f**2 + 6*f + 6. Let h be w(-4). Let y(c) = c**3 - 13*c**2 + 41*c + 15. Let z be y(7). Let u = z - h. List the prime factors of u.
2, 13
Suppose 6*d - 7023 + 273 = 0. Suppose -4*v - v = d. Let g = v + 325. What are the prime factors of g?
2, 5
List the prime factors of (1 + (0 - -1451))*(-186)/(-124).
2, 3, 11
Suppose -3*o = 2*o - 815. Suppose -q - y + 2*y = -68, q - 2*y - 64 = 0. Let t = q + o. List the prime factors of t.
5, 47
Suppose -4*w = i + 48 - 9, -4*w = -2*i - 66. Let g = 39 + i. What are the prime factors of 21/(g/28 - 0)?
3, 7
Suppose -89*x + 136*x - 502853 = 0. What are the prime factors of x?
13, 823
Let t(d) = -4*d + 33. L